{"id":49,"date":"2017-11-20T21:16:11","date_gmt":"2017-11-20T20:16:11","guid":{"rendered":"http:\/\/mcharpentiersculptures.fr\/?page_id=49"},"modified":"2024-03-18T20:06:54","modified_gmt":"2024-03-18T19:06:54","slug":"biographie","status":"publish","type":"page","link":"https:\/\/mcharpentiersculptures.fr\/?page_id=49","title":{"rendered":"Biographie"},"content":{"rendered":"<p><span style=\"font-size: large;\">MICHEL CHARPENTIER (1927-2023)<\/span><\/p>\n<p><img loading=\"lazy\" decoding=\"async\" class=\"aligncenter size-full wp-image-50\" src=\"http:\/\/mcharpentiersculptures.fr\/wp-content\/uploads\/2017\/11\/Charpentier-portrait-at.-Auvers.jpeg\" alt=\"\" width=\"2052\" height=\"2364\" srcset=\"https:\/\/mcharpentiersculptures.fr\/wp-content\/uploads\/2017\/11\/Charpentier-portrait-at.-Auvers.jpeg 2052w, https:\/\/mcharpentiersculptures.fr\/wp-content\/uploads\/2017\/11\/Charpentier-portrait-at.-Auvers-260x300.jpeg 260w, https:\/\/mcharpentiersculptures.fr\/wp-content\/uploads\/2017\/11\/Charpentier-portrait-at.-Auvers-768x885.jpeg 768w, https:\/\/mcharpentiersculptures.fr\/wp-content\/uploads\/2017\/11\/Charpentier-portrait-at.-Auvers-889x1024.jpeg 889w\" sizes=\"auto, (max-width: 767px) 89vw, (max-width: 1000px) 54vw, (max-width: 1071px) 543px, 580px\" \/><\/p>\n<p>Ancien \u00e9l\u00e8ve de l\u2019Ecole Nationale Sup\u00e9rieure des Beaux-Arts de Paris<\/p>\n<p>Premier grand prix de Rome <strong>1951<\/strong><\/p>\n<p>Pensionnaire \u00e0 l\u2019Acad\u00e9mie de France, Villa M\u00e9dicis <strong>1951-1955<\/strong><\/p>\n<p>Premi\u00e8res sculptures en ciment <strong>1955<\/strong><\/p>\n<p>Prix Malraux \u00e0 la Biennale de Paris <strong>1963<\/strong><\/p>\n<p>Exposition personnelle au Mus\u00e9e d\u2019Art Moderne de la Ville de Paris <strong>1965<\/strong><\/p>\n<p>Membre du comit\u00e9 directeur du Salon de Mai <strong>1967<\/strong><\/p>\n<p>Professeur, chef d\u2019atelier de sculpture \u00e0 l\u2019Ecole Nationale Sup\u00e9rieure des Beaux-Arts de Paris <strong>1973-1991<\/strong><\/p>\n<p>Exposition de 2 Cantatrices, au Mus\u00e9e des Arts D\u00e9coratifs, Paris <strong>1983<\/strong><\/p>\n<p>Exposition organis\u00e9e par l\u2019EPA de Cergy-Pontoise et la DRAC Ile-de-France, \u00e0 la Maison de G\u00e9rard Philipe, Cergy <strong>1990<\/strong><\/p>\n<p>R\u00e9trospective \u00e0 l\u2019Ecole Nationale Sup\u00e9rieure des Beaux-Arts de Paris (catalogue) <strong>1991<\/strong><\/p>\n<p>Am\u00e9nagement de son Bois, \u00e0 Vallangoujard, dans le Val d\u2019Oise <strong>1994-2002<\/strong><\/p>\n<p>Installation des Cantatrices \u00e0 L\u2019Apostrophe \/ Th\u00e9\u00e2tre des Louvrais, Pontoise <strong>2001<\/strong><\/p>\n<p>Exposition \u00e0 la Galerie Marie Vitoux (catalogue) Paris <strong>2003<\/strong><\/p>\n<p>Grand prix Simone et Cino del Duca <strong>2007<\/strong><\/p>\n<p>Ouverture du Jardin de sculptures Michel Charpentier, une installation p\u00e9renne de 25 \u0153uvres, \u00e0 Valmondois (Val d\u2019Oise) <strong>2019<\/strong><\/p>\n<p>Exposition de sculptures en ciment, terres cuites et dessins, \u00e0 la Galerie Marie Vitoux, Paris <strong>2021<\/strong><\/p>\n<p>Ouverture de l\u2019Espace Michel Charpentier, une installation p\u00e9renne d\u2019une vingtaine de sculptures, en plein air, au chevet de l\u2019\u00e9glise abbatiale Saint-Yved, \u00e0 Braine (Aisne) <strong>2022<\/strong><\/p>\n<p>Donation de 2 sculptures en terre cuite et de 5 grands carnets de dessin histori\u00e9s \u00e0 l\u2019Ecole Nationale Sup\u00e9rieure des Beaux-Arts de Paris, <strong>2023<\/strong><\/p>\n<p><strong>Commandes publiques\u00a0:<\/strong> Minist\u00e8re de l\u2019Economie et des Finances, Paris \/ Mus\u00e9um d\u2019Histoire Naturelle, Paris \/ FRAC-Ile-de-France \/ Mairie d\u2019Auvers-sur-Oise \/ Sc\u00e8ne Nationale de Cergy-Pontoise.<\/p>\n","protected":false},"excerpt":{"rendered":"<p>MICHEL CHARPENTIER (1927-2023) Ancien \u00e9l\u00e8ve de l\u2019Ecole Nationale Sup\u00e9rieure des Beaux-Arts de Paris Premier grand prix de Rome 1951 Pensionnaire \u00e0 l\u2019Acad\u00e9mie de France, Villa M\u00e9dicis 1951-1955 Premi\u00e8res sculptures en ciment 1955 Prix Malraux \u00e0 la Biennale de Paris 1963 Exposition personnelle au Mus\u00e9e d\u2019Art Moderne de la Ville de Paris 1965 Membre du comit\u00e9 &hellip; <\/p>\n<p class=\"link-more\"><a href=\"https:\/\/mcharpentiersculptures.fr\/?page_id=49\" class=\"more-link\">Continuer la lecture<span class=\"screen-reader-text\"> de &laquo;&nbsp;Biographie&nbsp;&raquo;<\/span><\/a><\/p>\n","protected":false},"author":1,"featured_media":0,"parent":0,"menu_order":0,"comment_status":"closed","ping_status":"closed","template":"","meta":{"footnotes":""},"class_list":["post-49","page","type-page","status-publish","hentry"],"_links":{"self":[{"href":"https:\/\/mcharpentiersculptures.fr\/index.php?rest_route=\/wp\/v2\/pages\/49","targetHints":{"allow":["GET"]}}],"collection":[{"href":"https:\/\/mcharpentiersculptures.fr\/index.php?rest_route=\/wp\/v2\/pages"}],"about":[{"href":"https:\/\/mcharpentiersculptures.fr\/index.php?rest_route=\/wp\/v2\/types\/page"}],"author":[{"embeddable":true,"href":"https:\/\/mcharpentiersculptures.fr\/index.php?rest_route=\/wp\/v2\/users\/1"}],"replies":[{"embeddable":true,"href":"https:\/\/mcharpentiersculptures.fr\/index.php?rest_route=%2Fwp%2Fv2%2Fcomments&post=49"}],"version-history":[{"count":5,"href":"https:\/\/mcharpentiersculptures.fr\/index.php?rest_route=\/wp\/v2\/pages\/49\/revisions"}],"predecessor-version":[{"id":469,"href":"https:\/\/mcharpentiersculptures.fr\/index.php?rest_route=\/wp\/v2\/pages\/49\/revisions\/469"}],"wp:attachment":[{"href":"https:\/\/mcharpentiersculptures.fr\/index.php?rest_route=%2Fwp%2Fv2%2Fmedia&parent=49"}],"curies":[{"name":"wp","href":"https:\/\/api.w.org\/{rel}","templated":true}]}}

<p><span style="font-size: large;">MICHEL CHARPENTIER (1927-2023)</span></p>
<p><img loading="lazy" decoding="async" class="aligncenter size-full wp-image-50" src="http://mcharpentiersculptures.fr/wp-content/uploads/2017/11/Charpentier-portrait-at.-Auvers.jpeg" alt="" width="2052" height="2364" srcset="https://mcharpentiersculptures.fr/wp-content/uploads/2017/11/Charpentier-portrait-at.-Auvers.jpeg 2052w, https://mcharpentiersculptures.fr/wp-content/uploads/2017/11/Charpentier-portrait-at.-Auvers-260x300.jpeg 260w, https://mcharpentiersculptures.fr/wp-content/uploads/2017/11/Charpentier-portrait-at.-Auvers-768x885.jpeg 768w, https://mcharpentiersculptures.fr/wp-content/uploads/2017/11/Charpentier-portrait-at.-Auvers-889x1024.jpeg 889w" sizes="auto, (max-width: 767px) 89vw, (max-width: 1000px) 54vw, (max-width: 1071px) 543px, 580px" /></p>
<p>Ancien élève de l’Ecole Nationale Supérieure des Beaux-Arts de Paris</p>
<p>Premier grand prix de Rome <strong>1951</strong></p>
<p>Pensionnaire à l’Académie de France, Villa Médicis <strong>1951-1955</strong></p>
<p>Premières sculptures en ciment <strong>1955</strong></p>
<p>Prix Malraux à la Biennale de Paris <strong>1963</strong></p>
<p>Exposition personnelle au Musée d’Art Moderne de la Ville de Paris <strong>1965</strong></p>
<p>Membre du comité directeur du Salon de Mai <strong>1967</strong></p>
<p>Professeur, chef d’atelier de sculpture à l’Ecole Nationale Supérieure des Beaux-Arts de Paris <strong>1973-1991</strong></p>
<p>Exposition de 2 Cantatrices, au Musée des Arts Décoratifs, Paris <strong>1983</strong></p>
<p>Exposition organisée par l’EPA de Cergy-Pontoise et la DRAC Ile-de-France, à la Maison de Gérard Philipe, Cergy <strong>1990</strong></p>
<p>Rétrospective à l’Ecole Nationale Supérieure des Beaux-Arts de Paris (catalogue) <strong>1991</strong></p>
<p>Aménagement de son Bois, à Vallangoujard, dans le Val d’Oise <strong>1994-2002</strong></p>
<p>Installation des Cantatrices à L’Apostrophe / Théâtre des Louvrais, Pontoise <strong>2001</strong></p>
<p>Exposition à la Galerie Marie Vitoux (catalogue) Paris <strong>2003</strong></p>
<p>Grand prix Simone et Cino del Duca <strong>2007</strong></p>
<p>Ouverture du Jardin de sculptures Michel Charpentier, une installation pérenne de 25 œuvres, à Valmondois (Val d’Oise) <strong>2019</strong></p>
<p>Exposition de sculptures en ciment, terres cuites et dessins, à la Galerie Marie Vitoux, Paris <strong>2021</strong></p>
<p>Ouverture de l’Espace Michel Charpentier, une installation pérenne d’une vingtaine de sculptures, en plein air, au chevet de l’église abbatiale Saint-Yved, à Braine (Aisne) <strong>2022</strong></p>
<p>Donation de 2 sculptures en terre cuite et de 5 grands carnets de dessin historiés à l’Ecole Nationale Supérieure des Beaux-Arts de Paris, <strong>2023</strong></p>
<p><strong>Commandes publiques :</strong> Ministère de l’Economie et des Finances, Paris / Muséum d’Histoire Naturelle, Paris / FRAC-Ile-de-France / Mairie d’Auvers-sur-Oise / Scène Nationale de Cergy-Pontoise.</p>

<p>MICHEL CHARPENTIER (1927-2023) Ancien élève de l’Ecole Nationale Supérieure des Beaux-Arts de Paris Premier grand prix de Rome 1951 Pensionnaire à l’Académie de France, Villa Médicis 1951-1955 Premières sculptures en ciment 1955 Prix Malraux à la Biennale de Paris 1963 Exposition personnelle au Musée d’Art Moderne de la Ville de Paris 1965 Membre du comité &hellip; </p>
<p class="link-more"><a href="https://mcharpentiersculptures.fr/?page_id=49" class="more-link">Continuer la lecture<span class="screen-reader-text"> de &laquo;&nbsp;Biographie&nbsp;&raquo;</span></a></p>
